
-2
Let z be 1/(285/(-1444) - (-1)/4). Let r(g) = -7 + 26 - 2 - g - z. Suppose -2*l + 11 = -4*n - 5, 14 = -n - 2*l. Determine r(n).
4
Let w(u) = -8*u - 29*u - 12*u + 29 - 30 + 18. What is w(-2)?
115
Let u(o) = -o**2 - 6*o + 8. Let s be u(-6). Let p be 2/(5/(60/s)). Let l(i) = -1 + 2*i - 2 + p*i - 4*i. What is l(-3)?
-6
Let v(h) = -5*h + 6. Let b(x) be the second derivative of -5*x**3/3 + 6*x**2 + 17*x - 1. Let s(p) = -6*b(p) + 11*v(p). Give s(3).
9
Let j(t) = -5*t - 81. Suppose 0 = -3*y + q - 47, 3*y + 64 = 2*q + 24. Calculate j(y).
9
Let l(h) = -h**3 + 6*h**2 + h - 2. Let m = 20 + 10. Suppose -18*n = -13*n - m. Calculate l(n).
4
Let h(w) = w - 10. Suppose 0 = 6*p + 135 + 195. Let r = -51 - p. Let t be (-18)/72 + 29/r. Calculate h(t).
-3
Let h(o) = o**2 + 4*o + 3. Let c be h(-6). Let b(n) = 10*n - 154. Let m be b(c). Let k(f) = f + 9. Give k(m).
5
Let n(j) = 2 + 3*j + 5*j**2 + 3*j - 4*j. Let g(p) = p**3 - 175*p - 79. Let v be g(-13). Give n(v).
5
Let a(b) = -50*b**3 + 13 - 11*b - 3*b**2 + 101*b**3 - 50*b**3 - 32. What is a(6)?
23
Let x(p) = p**3 + 19*p**2 - 92*p + 3. Let j = -4558 + 4535. Determine x(j).
3
Let x(c) = -c - 5. Let k = -143 - -144. Let l(q) = 7*q**3 - 2*q**2 - q + 2. Let g be l(k). Calculate x(g).
-11
Let z(n) = 3*n. Suppose -4*l = -4*y - 184, 2*y - 5*l - 178 = 5*y. Suppose -209 = -4*a + s, -5*s + 25 = -a + 63. Let q = a + y. What is z(q)?
6
Let q(x) be the first derivative of 210 - 1/3*x**3 + 12*x + 1/2*x**2 - 1/4*x**4. Calculate q(0).
12
Let t(x) = 3*x**3 + 1. Let s(f) = -5*f**3 - 12*f**2 - 3*f + 5. Let v(j) = -s(j) - 2*t(j). What is v(12)?
29
Let r(u) = -122*u + 11. Let a(m) = 186*m - 10. Let b(q) = 2*a(q) + 3*r(q). What is b(6)?
49
Let b be (-3544)/(-6) + ((-30)/9)/(-10). Let n = b + -584. Let z(m) = m**2 - 6*m - 1. Determine z(n).
6
Let h(b) = -4*b - 18. Let u(p) = 3*p + 15. Let k(d) = -5*h(d) - 6*u(d). Let q(j) = 14*j + 4. Let g(a) = 6*k(a) - q(a). Determine g(-4).
4
Let y(t) = -t**3 - 2*t**2 - 14*t + 33. Suppose 0 = 2*b + l - 9, 3*b = 2*l + 104 - 108. Determine y(b).
-11
Suppose 0 = 28*y + 398 - 62. Let v(i) = 32*i + 378. Calculate v(y).
-6
Let k(j) be the second derivative of j**4/12 + 8*j**3/3 - 66*j**2 + 742*j - 2. Give k(-22).
0
Let i(m) be the first derivative of 2*m + 2*m**2 + 0*m**2 - 4*m**2 + 19. Suppose 4*r - 7 = -3, -q - 2*r + 5 = 0. Calculate i(q).
-10
Let i(z) = z. Let h = -9 + 5. Let m(a) = -8*a. Let f(v) = h*i(v) - m(v). Suppose -263*k = -133*k - 130. What is f(k)?
4
Let u(c) be the second derivative of -7*c**3/6 - 16*c. Suppose 17*x = 13*x. Suppose -2*p + x*p - 2 = 0. Calculate u(p).
7
Let z(a) = 52*a**2 + 105*a - 8. Let m be z(-2). Let t(j) = -2*j**2 - 18*j + 27. What is t(m)?
7
Let v(m) = 5*m + 0 - 1 + m. Let n = -147 + 147. Suppose 5*s - 15*s + 30 = n. Determine v(s).
17
Let i(h) = -h**2 + 4*h - 6. Let f(q) = 11*q - 84. Suppose -4*d - 24 = -4*k, 2*k = k + 5*d - 2. Let c be f(k). What is i(c)?
-6
Let r(p) = -2*p. Let w(t) = t**2 - t + 1. Let k be w(4). Let l be (-57)/(-24) + 6*8/(-128). Suppose k = 5*f - 2*v - 17, -3*f + l*v = -22. Give r(f).
-8
Let r(c) = -c**2 + 4*c + 2. Let m be r(4). Suppose -m*z - 18 = -22. Let j(x) = -9*x + 3*x**2 - 3*x**z - x**2 - 5 + 4. Calculate j(-6).
17
Let u(p) = 28*p - 115. Let m be (16/(-6))/((-366)/549). Determine u(m).
-3
Let h(r) = 42*r**3 - r**2 + 2*r - 1. Let f be h(1). Suppose -5*v - 4*l = f, 3*v + l = -4*l - 33. Let n(d) = -1095 + 2193 + 2*d - 1091. Determine n(v).
-5
Let u(q) = q + 3. Let f be u(-1). Suppose -f*h - 2*m = 0, 9*h - 4*m + 27 = 4*h. Let n(x) = x**2 - 5*x - 4. Calculate n(h).
20
Let n(j) = 0 + j**2 - 2*j - 10 + j - 2. Let b be 2*3/(-36) - (-61)/6. Let d(c) = -c**3 + 8*c**2 + 21*c - 10. Let h be d(b). Determine n(h).
-12
Let y(l) = 6*l**2 + 146*l + 288. Let d be y(-2). Let x = -32 - -16. Let m be (-1 - x)*(-8)/d. Let z(o) = o - 6. Give z(m).
-12
Let i(r) = r**3 + 1 + 8*r - 10 - 3*r**2 - 4*r**2. Suppose 0 = 12*o - 8*o - 24. Let m be o/8*(31 - 23). Determine i(m).
3
Let l(m) = -13*m**2 + 2*m - 27. Let g(q) = -11*q**2 + q - 28. Let b(z) = 7*g(z) - 6*l(z). Let x(h) be the first derivative of b(h). What is x(4)?
3
Let x(w) = -3*w**2 + 62*w + 158. Let u be x(23). Let p(v) = -8*v - 53. Calculate p(u).
-29
Let p(o) = -o. Suppose 1 = -11*d + 23. Suppose 4*j - 4 = 4*w, 2*j + 4*w = 5*j + d. Let v(t) = 5*t - 5. Let x(i) = j*p(i) + v(i). Determine x(-7).
2
Let w(j) = 31 + 91 + 3036*j - 1009*j - 1014*j - 1001*j. Calculate w(-10).
2
Let l(x) = 57*x - 1892. Let v be l(33). Let a(u) = -7*u. Let t(r) = -37*r. Let z be ((-4)/3)/(2/(-3)). Let c(n) = v*a(n) + z*t(n). Determine c(2).
6
Let o(r) = -r**3 + 2*r - 7. Suppose 20*v - 4*v - 32 = 0. Let j(l) = l**3 + l**2 - 2*l + 6. Let k(q) = v*o(q) + 3*j(q). Give k(-4).
-4
Let a be 60/6*6/(-4). Let f = a - -21. Let l(b) = -95 - 101 - 101 - 93 - 93 + 480 - b. Calculate l(f).
-9
Let h(c) = c + 3. Let a be h(3). Let b(t) = 2099*t - 16 - 313*t - 1783*t. What is b(a)?
2
Let b(f) = -3*f**2 + 40*f + 3. Let h = 9800 + -9786. Calculate b(h).
-25
Let o(y) = -31*y. Let q(i) = 139*i + 32. Let j(l) = -5*o(l) - q(l). What is j(2)?
0
Let m be (-8 + 14)*1/3. Let k(q) = -q**m + q**2 - 75 + q**2 + 72. What is k(-4)?
13
Let l(q) = 5*q**2 + 6*q + 4. Let u be l(0). Let g(a) be the third derivative of 0*a - 1/12*a**u + 1/2*a**3 + 0 + 9*a**2. Calculate g(2).
-1
Let f(k) = -24*k - 2. Let s(j) = 32*j + 1. Let t(l) = -3*f(l) - 2*s(l). Determine t(-3).
-20
Let v(l) = 32*l**2 + 2*l - 37. Let k(j) = 6*j**2 + 9*j + 1. Let d(u) = -5*k(u) + v(u). Give d(21).
-63
Let c(x) = -6*x - 5. Let w be 4/3 + (120/(-9) - -5). Let i(m) = -6*m - 6. Let j(t) = w*c(t) + 6*i(t). Suppose 4*p + k - 14 = 0, -6 = 2*p - 5*k - 2. Give j(p).
17
Suppose 28*o - 2012 = 844. Suppose -o*l = -100*l + 8. Let h(k) = 1. Let r(x) = 4*x + 10. Let f(q) = 5*h(q) - r(q). What is f(l)?
11
Let l(t) be the second derivative of t**4/12 - t**3/6 - t**2 - 36*t. Let z = 18 - -4. Suppose 3*q + q + z = -3*a, 0 = 5*a + 2*q + 18. Give l(a).
4
Let w(j) = -12*j + 15. Let g(b) = 14*b - 16. Let m be 6/5 - 1 - 78/15. Let r(i) = m*g(i) - 6*w(i). Give r(6).
2
Suppose -2*g = -3*v + 2, 3*v + 2*v = 4*g + 4. Let r(j) = 1272*j - 621*j - 36 - 650*j. Calculate r(v).
-36
Let d(b) = -10*b**2 - 59*b + 78. Let h be d(-7). Let x(y) = 18*y - 19. Give x(h).
-1
Let d(w) = -w**2 + 2*w**2 - 3*w + w**2 + 2 + w**3. Suppose 15 = -2*q + 21. Suppose 39*u - 40*u = q. What is d(u)?
2
Let i(k) = -k**3 + 21*k**2 - 20*k - 7. Let x(s) = -s**3 + 27*s**2 - 96*s + 112. Let l be x(23). Determine i(l).
-7
Let l(q) = -7*q - 74. Let g be l(-23). Suppose 0 = -2*i - 99 + g. Let p(u) = -3*u - 8. Give p(i).
10
Let t = -2056 - -2049. Let h(c) = -13*c - 94. Give h(t).
-3
Let g be 33/(-44)*2*(16/(-3))/(-1). Let s(y) = -7*y - 10. Calculate s(g).
46
Let y be 4/((-48)/9) - 390/(-520). Let z(x) = -x**3 + x**2 + 5. Determine z(y).
5
Let w be (-3 - -6) + 5 - 19/((-76)/(-96)). Let f(v) = -9*v - 155. Give f(w).
-11
Let g(f) be the third derivative of f**8/6720 - f**5/30 + f**4 + 104*f**2. Let q(n) be the second derivative of g(n). Give q(0).
-4
Let a(i) = i**2 - 94*i + 189. Let q be a(2). Let r(l) = 2*l**3 - 11*l**2 + 8. Determine r(q).
-17
Suppose 0 = -4*v + 2*h + 6 - 2, v - h + 1 = 0. Let o(i) be the third derivative of i**5/30 - i**4/6 + i**3/6 - 10244*i**2. Give o(v).
7
Let r(y) = -3*y + 1. Let j(x) = 2*x - 2. Let u(l) = -4*j(l) - 3*r(l). Let a(b) = b**2 - 6*b - 28. Let c be a(7). Let o = c - -17. What is u(o)?
1
Let r(o) = -o**3 + 25*o**2 - 22*o - 50. Let i = -2364 - -2388. Calculate r(i).
-2
Suppose 7*q = -7*q + 6*q. Suppose 9*c - 177 - 426 = q. Let s = 77 - c. Let z(r) = -r**3 + 11*r**2 - 9*r - 2. Determine z(s).
8
Let q be (12/(-10))/(3 + (-26)/10). Let g(c) = c**3 + 4*c**2 + 3*c. Let y be g(q). Let l(w) = -w**2 + w + 4. Calculate l(y).
4
Let q(k) = -17*k**2 - 156*k + 5. Let u(p) = p**2 + 26*p - 1. Let z(f) = q(f) + 6*u(f). What is z(-1)?
-12
Let r(p) = 721*p**2 + 23 - 370*p**2 - 30*p - 350*p**2. Determine r(23).
-138
Let h(y) = 490255*y**3 + 7*y**2 - 7*y - 490256*y**3 + 2*y + 3*y - 3*y. Determine h(4).
28
Let s(w) = -3*w - w**2 + 3*w**3 - 6*w**2 + 14*w**2 - 9*w**2. Let m(y) = -6*y**3 + 5*y**2 + 7*y. Let t(p) = -3*m(p) - 7*s(p). Let q = -68 - -67. What is t(q)?
2
Let p(n) = -12*n - 8. Let f be 14/77 - (1 - (-384)/(-66)). Let j(l) = 57*l + 39. Let i(c) = f*j